ommon divisor of 34076 and 1778?
14
Calculate the highest common factor of 8685 and 2913.
3
What is the greatest common divisor of 103342 and 326?
326
What is the highest common divisor of 2856402 and 372?
186
What is the highest common divisor of 800 and 193175?
25
What is the greatest common factor of 184593 and 999?
111
What is the greatest common factor of 902 and 29438?
82
What is the highest common factor of 975 and 72075?
75
Calculate the highest common divisor of 1702509 and 426.
213
What is the greatest common factor of 2 and 1381?
1
What is the highest common factor of 6 and 2865?
3
What is the highest common divisor of 170281 and 329?
47
Calculate the highest common divisor of 1053 and 25434.
81
Calculate the greatest common factor of 34 and 329868.
34
What is the highest common factor of 202320 and 192?
48
Calculate the greatest common divisor of 18018 and 9.
9
Calculate the greatest common divisor of 3317 and 4588.
31
Calculate the greatest common divisor of 111400 and 1000.
200
Calculate the highest common factor of 109233 and 7791.
159
What is the greatest common factor of 228261 and 11?
11
What is the greatest common divisor of 963 and 8453?
107
Calculate the greatest common divisor of 588 and 643020.
84
What is the highest common factor of 3735984 and 420?
84
Calculate the greatest common factor of 128390 and 74.
74
Calculate the highest common factor of 586343 and 4135.
827
What is the greatest common divisor of 147 and 317506?
7
Calculate the highest common divisor of 271437 and 1384.
173
Calculate the highest common factor of 7316 and 2.
2
Calculate the greatest common factor of 318 and 282.
6
Calculate the highest common factor of 14 and 639737.
7
What is the highest common divisor of 2112 and 2472?
24
What is the greatest common factor of 71975 and 25?
25
Calculate the greatest common divisor of 431012 and 33454.
778
What is the greatest common factor of 6342 and 312?
6
Calculate the highest common factor of 205 and 57230.
5
What is the highest common divisor of 7104 and 18?
6
What is the highest common factor of 19936 and 23051?
623
Calculate the greatest common divisor of 468342 and 2655.
531
What is the greatest common factor of 74 and 12247?
37
What is the greatest common factor of 161734 and 1676?
838
What is the greatest common factor of 24 and 1610628?
12
Calculate the greatest common divisor of 227580 and 12.
12
What is the greatest common divisor of 9752 and 18262?
46
What is the highest common divisor of 277251 and 13?
13
What is the highest common divisor of 318128 and 1888?
944
What is the highest common factor of 8556 and 168144?
372
What is the highest common divisor of 5742 and 213411?
957
What is the greatest common divisor of 545 and 211678?
109
Calculate the greatest common divisor of 1085568 and 5016.
264
What is the highest common factor of 95 and 101685?
5
What is the highest common factor of 64541 and 3728?
233
What is the highest common factor of 1153536 and 9216?
1536
What is the greatest common divisor of 221357 and 290?
29
Calculate the greatest common divisor of 1831 and 111.
1
What is the highest common divisor of 592 and 1488?
16
Calculate the highest common factor of 31 and 60326.
31
What is the highest common divisor of 444320 and 10?
10
Calculate the highest common factor of 179828 and 3355.
671
Calculate the highest common divisor of 9184 and 11872.
224
What is the highest common factor of 45105 and 150?
15
What is the highest common divisor of 11892 and 426?
6
Calculate the greatest common factor of 12460 and 160645.
445
Calculate the greatest common divisor of 10927 and 70914.
223
What is the highest common divisor of 4433 and 52?
13
What is the greatest common factor of 2226 and 3170566?
742
Calculate the greatest common divisor of 240 and 32245.
5
What is the greatest common factor of 252 and 55538?
14
Calculate the highest common divisor of 6273 and 1.
1
Calculate the highest common divisor of 340408 and 408.
136
Calculate the highest common factor of 6386328 and 234.
234
What is the highest common divisor of 147572 and 632?
316
Calculate the highest common divisor of 797939 and 23.
23
Calculate the greatest common divisor of 750 and 35400.
150
Calculate the highest common factor of 211812 and 36.
12
What is the greatest common factor of 402 and 299758?
134
Calculate the highest common divisor of 74 and 89651.
37
What is the greatest common divisor of 81 and 44361?
27
What is the highest common factor of 15276969 and 779?
779
Calculate the highest common factor of 95823 and 567.
567
Calculate the highest common divisor of 16 and 358784.
16
Calculate the greatest common factor of 16100 and 7900.
100
What is the greatest common divisor of 3443 and 18205?
11
What is the highest common divisor of 1965 and 96?
3
What is the highest common factor of 1917 and 13064?
71
Calculate the greatest common divisor of 130064 and 928.
16
What is the greatest common factor of 100178 and 182?
26
Calculate the greatest common factor of 1250 and 325625.
625
Calculate the greatest common divisor of 148 and 14726.
74
What is the highest common divisor of 52514 and 4114?
242
Calculate the greatest common divisor of 27180 and 1440.
180
Calculate the highest common divisor of 1215 and 410.
5
Calculate the greatest common divisor of 19794 and 90.
6
Calculate the highest common divisor of 4482 and 629638.
166
What is the highest common factor of 734274 and 171?
171
What is the highest common factor of 4000 and 640?
160
What is the greatest common factor of 141899 and 1473?
491
What is the highest common factor of 1157917 and 38?
19
What is the highest common divisor of 238 and 26796?
14
What is the greatest common divisor of 4 and 79796?
4
What is the greatest common factor of 76 and 63764?
76
What is the greatest common factor of 543 and 1274783?
181
Calculate the greatest common factor of 910 and 1249430.
910
Calculate the highest common factor of 795296 and 58.
58
Calculate the highest common divisor of 31099 and 28375.
227
Calculate the greatest common factor of 3712 and 17632.
928
What is the highest common factor of 6643 and 793?
13
Calculate the greatest common factor of 6569290 and 910.
910
What is the greatest common divisor of 1625 and 100250?
125
Calculate the greatest common factor of 600 and 240.
120
Calculate the highest common divisor of 3618 and 3350.
134
Calculate the greatest common divisor of 480 and 13467.
3
Calculate the greatest common factor of 523871 and 23.
23
Calculate the highest common divisor of 1395 and 387.
9
What is the greatest common divisor of 67605 and 60?
15
What is the highest common divisor of 24149 and 98363?
589
What is the greatest common divisor of 1275 and 393465?
255
Calculate the highest common divisor of 9 and 1288581.
3
What is the greatest common factor of 38 and 23351?
19
Calculate the highest common factor of 6265 and 630.
35
What is the greatest common factor of 51 and 8?
1
What is the highest common divisor of 7473 and 3384?
141
What is the highest common divisor of 766 and 1466?
2
Calculate the greatest common divisor of 2150 and 43602.
86
Calculate the highest common divisor of 2233893 and 129.
129
What is the greatest common factor of 735559 and 22?
11
What is the greatest common divisor of 249 and 878223?
249
Calculate the highest common divisor of 394358 and 46.
46
Calculate the highest common divisor of 219 and 1321592.
73
What is the greatest common factor of 35590 and 10?
10
Calculate the highest common factor of 36 and 7204.
4
Calculate the greatest common divisor of 584 and 5164.
4
What is the highest common factor of 5490 and 1440?
90
Calculate the highest common divisor of 12129 and 39.
39
What is the greatest common factor of 23886 and 738?
18
Calculate the greatest common divisor of 10944 and 1129284.
684
Calculate the highest common factor of 390146 and 38.
38
What is the highest common divisor of 247 and 1168063?
247
Calculate the highest common divisor of 710775 and 195.
195
Calculate the greatest common factor of 39 and 115739.
13
Calculate the greatest common factor of 3592 and 48.
8
Calculate the greatest common factor of 605 and 32945.
55
Calculate the highest common factor of 227781 and 12.
3
What is the greatest common factor of 122